6?
True
Is 2 a factor of 75?
False
Does 47 divide 251?
False
Is 578 a multiple of 28?
False
Is 41 a factor of 11398?
True
Is 61 a factor of 4209?
True
Is 9 a factor of 522?
True
Does 30 divide 1491?
False
Does 55 divide 6359?
False
Is 105 a factor of 679?
False
Does 14 divide 12726?
True
Is 1675 a multiple of 41?
False
Is 28192 a multiple of 6?
False
Is 3 a factor of 8852?
False
Does 10 divide 52?
False
Is 7 a factor of 251?
False
Is 3564 a multiple of 2?
True
Is 175 a factor of 19326?
False
Is 2 a factor of 1471?
False
Is 299 a multiple of 13?
True
Does 55 divide 1552?
False
Is 47 a factor of 481?
False
Is 51 a factor of 1044?
False
Is 20 a factor of 526?
False
Is 45 a factor of 673?
False
Does 4 divide 820?
True
Is 331 a multiple of 28?
False
Is 8 a factor of 10536?
True
Does 36 divide 931?
False
Is 103 a factor of 721?
True
Does 32 divide 311?
False
Is 7 a factor of 561?
False
Is 17575 a multiple of 37?
True
Does 6 divide 973?
False
Does 12 divide 21674?
False
Does 51 divide 612?
True
Does 113 divide 1356?
True
Is 151 a factor of 14345?
True
Is 1886 a multiple of 82?
True
Does 25 divide 38647?
False
Is 21 a factor of 40059?
False
Does 10 divide 4314?
False
Is 459 a multiple of 51?
True
Does 70 divide 3571?
False
Does 137 divide 99768?
False
Does 208 divide 10608?
True
Is 536 a multiple of 16?
False
Does 46 divide 322?
True
Does 23 divide 1012?
True
Is 10692 a multiple of 304?
False
Does 12 divide 1308?
True
Is 44 a multiple of 4?
True
Is 123 a factor of 16890?
False
Is 1182 a multiple of 21?
False
Does 26 divide 4082?
True
Does 82 divide 6888?
True
Is 11 a factor of 15514?
False
Is 324 a multiple of 26?
False
Is 6540 a multiple of 119?
False
Is 6642 a multiple of 18?
True
Is 6 a factor of 1479?
False
Is 1462 a multiple of 8?
False
Is 137 a factor of 21783?
True
Is 2055 a multiple of 15?
True
Is 6622 a multiple of 14?
True
Does 55 divide 1725?
False
Does 3 divide 77?
False
Is 2 a factor of 4343?
False
Is 743 a multiple of 62?
False
Does 83 divide 3154?
True
Is 693 a multiple of 11?
True
Does 13 divide 73049?
False
Is 234 a factor of 22325?
False
Does 19 divide 589?
True
Is 31 a factor of 17010?
False
Is 1960 a multiple of 14?
True
Is 12085 a multiple of 178?
False
Is 1957 a multiple of 27?
False
Does 30 divide 960?
True
Is 96 a factor of 1009?
False
Is 8658 a multiple of 37?
True
Is 3 a factor of 23?
False
Is 41 a factor of 7073?
False
Is 945 even?
False
Is 10104 a multiple of 6?
True
Is 38 a factor of 1716?
False
Is 4658 a multiple of 26?
False
Is 17624 a multiple of 230?
False
Is 62 a factor of 99?
False
Is 957 a multiple of 3?
True
Is 7 a factor of 70?
True
Is 1380 a multiple of 20?
True
Does 14 divide 50792?
True
Is 1191 a multiple of 30?
False
Is 11 a factor of 50182?
True
Does 69 divide 244?
False
Is 10804 a multiple of 11?
False
Does 59 divide 11672?
False
Does 27 divide 52081?
False
Is 35 a factor of 805?
True
Is 408 a multiple of 12?
True
Is 44 a factor of 699?
False
Is 23 a factor of 4623?
True
Does 15 divide 3330?
True
Is 118560 a multiple of 195?
True
Is 12 a factor of 4270?
False
Does 25 divide 3900?
True
Is 2 a factor of 188?
True
Is 520 a multiple of 40?
True
Is 1785 a multiple of 15?
True
Is 33228 a multiple of 13?
True
Is 3190 a multiple of 145?
True
Is 10 a factor of 1200?
True
Is 8 a factor of 237?
False
Does 107 divide 13696?
True
Does 45 divide 37440?
True
Does 30 divide 3660?
True
Does 15 divide 8340?
True
Is 2070 a multiple of 15?
True
Is 14 a factor of 896?
True
Is 4 a factor of 11326?
False
Is 11225 a multiple of 25?
True
Is 13 a factor of 11037?
True
Is 1367 a multiple of 12?
False
Is 78 a factor of 9204?
True
Is 17 a factor of 5473?
False
Is 36550 a multiple of 85?
True
Does 13 divide 5788?
False
Is 19054 a multiple of 274?
False
Is 63 a factor of 3843?
True
Is 6 a factor of 5144?
False
Does 35 divide 302?
False
Is 288 a multiple of 6?
True
Does 29 divide 35148?
True
Does 33 divide 2409?
True
Is 513 a multiple of 20?
False
Does 35 divide 60480?
True
Is 138 a multiple of 138?
True
Is 47912 a multiple of 212?
True
Is 906 a multiple of 33?
False
Is 39400 a multiple of 27?
False
Does 5 divide 35345?
True
Does 32 divide 2689?
False
Does 86 divide 3010?
True
Is 31 a factor of 13640?
True
Is 1703 a multiple of 46?
False
Is 215 a multiple of 207?
False
Is 1162 a multiple of 14?
True
Is 492 a multiple of 4?
True
Is 12 a factor of 77208?
True
Is 222 even?
True
Is 25 a factor of 8150?
True
Is 34 a factor of 1397?
False
Is 49 a factor of 1813?
True
Is 8 a factor of 888?
True
Is 4 a factor of 23?
False
Is 39 a multiple of 6?
False
Does 14 divide 6588?
False
Does 28 divide 115?
False
Is 12 a factor of 61884?
True
Is 3190 a multiple of 29?
True
Does 13 divide 3236?
False
Is 3 a factor of 2631?
True
Does 4 divide 14838?
False
Is 21 a factor of 41643?
True
Does 40 divide 2800?
True
Is 5 a factor of 56?
False
Does 15 divide 1408?
False
Is 109088 a multiple of 151?
False
Is 270 a multiple of 9?
True
Is 1575 a multiple of 15?
True
Is 1848 a multiple of 33?
True
Is 92970 a multiple of 45?
True
Is 8819 a multiple of 76?
False
Does 23 divide 437?
True
Is 8575 a multiple of 3?
False
Is 6232 a multiple of 19?
True
Does 57 divide 34485?
True
Does 8 divide 19282?
False
Is 18 a factor of 1188?
True
Is 180 a multiple of 12?
True
Is 2 a factor of 155?
False
Does 15 divide 1170?
True
Is 1134 a multiple of 9?
True
Is 4 a factor of 978?
False
Does 87 divide 79605?
True
Is 32 a factor of 1024?
True
Is 14 a factor of 2240?
True
Is 10 a factor of 700?
True
Does 35 divide 280?
True
Does 10 divide 23800?
True
Is 36930 a multiple of 7?
False
Is 15 a factor of 4415?
False
Does 28 divide 477?
False
Does 24 divide 3938?
False
Is 45500 a multiple of 14?
True
Is 6 a factor of 1827?
False
Is 960 a multiple of 40?
True
Is 80 a multiple of 20?
True
Is 8 a factor of 264?
True
Does 16 divide 933?
False
Is 5 a factor of 55?
True
Is 77 a factor of 7426?
False
Does 90 divide 6030?
True
Is 85372 a multiple of 28?
True
Is 21 a factor of 182?
False
Does 41 divide 16357?
False
Is 18 a factor of 4320?
True
Is 12 a factor of 5709?
False
Is 20032 a multiple of 16?
True
Is 361 a multiple of 15?
False
Is 174 a factor of 1683?
False
Does 69 divide 3418?
False
Is 28093 a multiple of 98?
False
Is 5 a factor of 4720?
True
Does 85 divide 19879?
False
Does 19 divide 11723?
True
Is 480 a multiple of 8?
True
Does 45 divide 330?
False
Is 8911 a multiple of 7?
True
Does 6 divide 33603?
False
Is 28 a factor of 141?
False
Is 116 a factor of 849?
False
Does 23 divide 782?
True
Is 702 a multiple of 39?
True
Is 46860 a multiple of 10?
True
Does 11 divide 5863?
True
Does 7 divide 31071?
False
Is 57 a factor of 24168?
True
Does 66 divide 888?
False
Is 5 a factor of 1611?
False
Is 20594 a multiple of 18?
False
Is 24 a factor of 1176?
True
Is 8784 a multiple of 61?
True
Does 40 divide 80?
True
Is 18 a factor of 12582?
True
Is 36 a factor of 13860?
True
Is 130 a multiple of 21?
False
Is 8400 a multiple of 48?
True
Is 54 a factor of 60?
False
Is 26 a factor of 1664?
True
Is 5 a factor of 85?
True
Is 13 a factor of 125143?
False
Is 107 a factor of 107?
True
Is 14 a factor of 2562?
True
Does 77 divide 812?
False
Does 39 divide 14196?
True
Is 1342 a multiple of 8?
False
Does 3 divide 1321?
False
Is 8256 a multiple of 16?
True
Is 10 a factor of 15942?
False
Does 39 divide 2435?
False
Does 11 divide 3058?
True
Is 208 a factor of 6030?
False
Is 29 a factor of 707?
False
Is 110 a multiple of 10?
True
Is 337 a multiple of 21?
False
Is 28698 a multiple of 15?
False
Is 238 a multiple of 3?
False
Does 4 divide 83?
False
Is 185 a factor of 118215?
True
Does 263 divide 52240?
False
Is 25 a factor of 3000?
True
Is 111 a factor of 9990?
True
Is 12 a factor of 1176?
True
Does 14 divide 1302?
True
Does 20 divide 2360?
True
Does 12 divide 5352?
True
Is 3510 a multiple of 130?
True
Is 53 a factor of 38372?
True
Is 38349 a multiple of 15?
False
Is 102 a multiple of 15?
False
Is 9069 a multiple of 6?
False
Is 34638 a multiple of 138?
True
Does 15 divide 2883?
False
Is 8 a factor of 744?
True
Is 4183 a multiple of 89?
True
Does 195 divide 20525?
False
Is 5 a factor of 449?
False
Is 924 a multiple of 33?
True
Is 651 a multiple of 9?
False
Is 7 a factor of 401?
False
Does 100 divide 18990?
False
Is 20 a factor of 